5*r + 1. Determine i(7).
-34
Let o(r) = r**3 - 3*r**2 - 2*r - 4. Give o(4).
4
Let m(d) = d**2 - 2*d - 5. What is m(3)?
-2
Let i(v) = v**2 - 22*v + 15. Determine i(22).
15
Let j(n) = n**3 - 7*n**2 - 4. Give j(7).
-4
Let j(q) = q + 19. What is j(-21)?
-2
Let c(u) = u**3 + 5*u**2 + 3*u - 10. What is c(-2)?
-4
Let p(b) = -7*b + 122. What is p(17)?
3
Let g(d) = 2*d + 13. Determine g(-4).
5
Let c(h) = h**3 - 9*h**2 + 4*h - 26. Calculate c(9).
10
Let m(h) = -11*h + 50. Determine m(8).
-38
Let c(w) = -14*w**2 + 1. What is c(-2)?
-55
Let x(o) = 10*o - 117. Give x(11).
-7
Let y(k) = -9*k + 99. Give y(7).
36
Let j(n) = -51*n - 53. Calculate j(-1).
-2
Let m(x) = x + 5. Determine m(-7).
-2
Let p(k) = 2*k**3 - k**2 + 2*k - 1. Calculate p(-2).
-25
Let a(m) = 5*m + 48. Give a(-10).
-2
Let b(l) = 3*l**2 - 14*l - 36. Calculate b(10).
124
Let w(o) = o**2 + 14*o + 21. Give w(-9).
-24
Let r(v) = 3*v**2 + 3*v - 5. Calculate r(-4).
31
Let x(s) = -4*s - 12. What is x(-7)?
16
Let f(k) = k**2 - 12*k + 34. Determine f(4).
2
Let p(j) = -4*j**2 + 61*j - 16. What is p(15)?
-1
Let t(b) = b**3 - 17*b**2 - 10*b - 152. Give t(18).
-8
Let d(u) = 3*u + 11. Give d(-2).
5
Let s(w) = w**3 - 8*w**2 - 7*w - 12. What is s(9)?
6
Let j(p) = -3*p + 2. Calculate j(4).
-10
Let s(v) = -5*v - 6. What is s(-6)?
24
Let m(s) = 9*s + 1. Give m(4).
37
Let y(f) = -4*f**2 - 131*f + 36. Calculate y(-33).
3
Let l(v) = -2*v**3 + 3*v**2 + 3. Give l(2).
-1
Let d(z) = -16*z - 176. Calculate d(-11).
0
Let y(j) = j**3 - 14*j**2 - 3*j + 41. Give y(14).
-1
Let t(v) = 11*v**2 + 7*v + 13. Determine t(-2).
43
Let o(u) = u**3 + 8*u**2 - 8*u + 3. Determine o(-9).
-6
Let y(g) = -337*g - 1681. Give y(-5).
4
Let a(h) = 7*h**2 + 10*h - 14. Give a(-6).
178
Let m(x) = -9*x - 53. Calculate m(-6).
1
Let c(i) = -i**2 + 92*i + 686. Determine c(-7).
-7
Let m(r) = -r**2 + 12*r + 1. What is m(10)?
21
Let v(u) = u + 17. Give v(-18).
-1
Let a(q) = q**3 - 4*q**2 + 2. Calculate a(2).
-6
Let p(y) = 5*y**2 - 3*y - 11. Determine p(-2).
15
Let y(j) = 7*j + 81. What is y(-11)?
4
Let b(c) = -12*c**2 + c - 1. Determine b(1).
-12
Let d(g) = g**3 - 13*g**2 + 3*g - 7. Calculate d(13).
32
Let c(a) = a**2 + 8*a + 80. What is c(-8)?
80
Let n(d) = -d - 3. Calculate n(0).
-3
Let l(m) = 6*m - 3. Calculate l(-2).
-15
Let f(r) = -13*r**3 - 2*r**2 + 2*r + 2. Give f(2).
-106
Let q(t) = 2*t**3 - 24*t**2 - 26*t - 5. Give q(13).
-5
Let n(m) = 33*m - 278. What is n(10)?
52
Let l(f) = f**2 + 40*f - 215. Determine l(-45).
10
Let t(g) = -146*g + 1181. Give t(8).
13
Let l(h) = h**3 + 15*h**2 - 17*h - 15. Calculate l(-16).
1
Let a(c) = c**2 + 21*c - 54. Determine a(-23).
-8
Let r(a) = -3*a**2 - 3*a. Determine r(-2).
-6
Let c(d) = -d**2 + 7*d - 7. Calculate c(7).
-7
Let f(r) = -4*r + 149. What is f(36)?
5
Let u(q) = -7*q - 26. Determine u(-4).
2
Let o(k) = -k**2 - 25*k - 83. Calculate o(-20).
17
Let w(l) = 2*l**2 - 5*l - 4. Calculate w(5).
21
Let m(i) = -i**2 - 16*i + 4. Calculate m(-16).
4
Let m(q) = -q**3 - 5*q**2 + 6*q + 2. What is m(-5)?
-28
Let l(c) = c**3 - 13*c**2 - 8*c - 86. Calculate l(14).
-2
Let f(o) = -2*o**2 + 11*o - 9. Determine f(3).
6
Let t(q) = -q**3 - 2*q**2 - 4*q - 2. Calculate t(-2).
6
Let u(b) = -b**3 - 26*b**2 - 2*b - 46. Give u(-26).
6
Let u(f) = f**3 + 8*f**2 - 4*f - 6. Determine u(-8).
26
Let j(h) = -h**2 - 4*h - 3. Give j(-6).
-15
Let b(l) = l**2 - 3*l - 2. Calculate b(5).
8
Let l(c) = c**3 + 20*c**2 - 23*c - 41. Determine l(-21).
1
Let t(g) = 14*g + 7. Give t(4).
63
Let u(a) = -57*a - 48. Determine u(-1).
9
Let m(d) = d + 40. Determine m(-41).
-1
Let s(g) = -g - 2. Give s(22).
-24
Let v(b) = -b**3 - 40*b**2 + 43*b + 83. Give v(-41).
1
Let g(q) = -6*q**2 + q - 1. Give g(1).
-6
Let z(u) = -u**3 - 5*u**2 + 5*u - 1. Determine z(-6).
5
Let i(a) = a**2 + 59*a - 367. Determine i(6).
23
Let n(p) = -2*p**2 + 27*p + 18. Calculate n(15).
-27
Let n(h) = -3*h + 20. Determine n(8).
-4
Let o(f) = f**3 + 4*f**2 - f + 6. Determine o(-3).
18
Let p(b) = 2*b**2 - 34*b - 65. What is p(-2)?
11
Let k(l) = 14*l - 53. What is k(4)?
3
Let w(f) = -f**3 + 14*f**2 - 13*f - 13. Calculate w(13).
-13
Let z(o) = -o**3 + 6*o**2 - 2*o - 1. Determine z(5).
14
Let k(a) = 7*a**2 - 4. Give k(-2).
24
Let l(d) = d**3 - d**2 - 2*d - 3. What is l(2)?
-3
Let d(l) = l**3 + 3*l**2 + l + 12. Calculate d(-7).
-191
Let l(b) = -b**2 + b - 3. Calculate l(8).
-59
Let i(y) = -2*y**2 + 2*y - 9. Give i(-5).
-69
Let g(c) = -2*c - 36. What is g(-21)?
6
Let w(l) = l**2 - 4*l + 2. Give w(-4).
34
Let h(u) = -2*u**3 + u - 1. Give h(1).
-2
Let z(l) = -l**3 + 20*l**2 - 16*l - 57. Determine z(19).
0
Let b(u) = -3*u**3 - 3*u**2 - u - 10. What is b(-4)?
138
Let f(j) = -j**3 + 46*j**2 + 48*j - 47. Determine f(47).
0
Let d(m) = 4*m + 10. Give d(-8).
-22
Let n(v) = -v**2 - 25*v - 156. Calculate n(-11).
-2
Let d(c) = c**3 + c**2 + c - 5. Determine d(2).
9
Let h(r) = r**2 + 13*r + 7. Calculate h(-11).
-15
Let u(t) = -t**3 + 7*t**2 + 8*t + 7. Give u(8).
7
Let c(f) = f**3 + 5*f**2 - 13*f + 5. Calculate c(-7).
-2
Let o(s) = -s**3 + 3*s**2 - 10*s + 10. Determine o(4).
-46
Let l(s) = 7*s**3 - 3*s**2 - 2*s + 1. What is l(-1)?
-7
Let h(b) = 2*b**2 + 6*b - 9. What is h(0)?
-9
Let v(w) = -2*w**2 + 3. Determine v(4).
-29
Let t(y) = y**3 - 18*y**2 + 28. Give t(18).
28
Let a(x) = -x**2 + 12*x - 16. Give a(13).
-29
Let s(m) = m**3 + 41*m**2 - 10*m - 414. Determine s(-41).
-4
Let p(i) = 6*i**2 - i + 13. Determine p(4).
105
Let j(q) = -q**3 - 6*q**2 + 4*q + 7. What is j(-7)?
28
Let m(a) = -2*a - 5. What is m(-9)?
13
Let a(n) = -2*n**3 - 10*n**2 - 13*n - 12. Determine a(-4).
8
Let x(s) = s**3 + 19*s**2 + 19*s + 25. Determine x(-18).
7
Let o(y) = -y**2 + 3. Determine o(7).
-46
Let c(u) = 4*u + 73. Determine c(-29).
-43
Let p(h) = h**3 - 30*h**2 + 159*h + 17. Calculate p(7).
3
Let t(x) = -x**3 + 23*x**2 + x - 57. Give t(23).
-34
Let o(n) = 3*n**2 + 4*n + 1. Give o(-3).
16
Let y(h) = -6*h**2 + 58*h + 20. Give y(10).
0
Let m(v) = 2*v**2 - 15*v - 17. Calculate m(9).
10
Let i(q) = -q + 20. What is i(0)?
20
Let k(p) = -p**3 + 7*p**2 + 9*p + 5. Calculate k(7).
68
Let h(w) = w**3 - 30*w**2 - 35*w + 130. Calculate h(31).
6
Let v(m) = m**2 - m - 17. Determine v(5).
3
Let b(l) = l**2 - 12*l - 5. Calculate b(13).
8
Let f(h) = -2*h**2 + 17*h - 21. Calculate f(7).
0
Let j(i) = 15*i**2 - 5*i - 9. Calculate j(-2).
61
Let y(s) = -2*s - 19. What is y(-7)?
-5
Let h(y) = y**2 - 2*y + 9. Calculate h(8).
57
Let b(j) = j**3 + 10*j**2 + 3*j + 25. Calculate b(-10).
-5
Let i(b) = b**3 - 6*b + 10. What is i(-3)?
1
Let n(o) = o**3 + 13*o**2 - 13*o + 1. What is n(-14)?
-13
Let i(b) = -b**2 + 23*b - 45. Determine i(8).
75
Let b(j) = 104*j**2. Give b(1).
104
Let d(l) = 52*l**2 + 10*l + 10. Give d(-1).
52
Let k(b) = -b**3 + 3*b**2 - 2*b. What is k(4)?
-24
Let n(i) = i + 8. What is n(-4)?
4
Let s(n) = -4*n - 53. Determine s(-12).
-5
Let l(y) = 37*y - 180. Determine l(5).
5
Let v(r) = -5*r - 80. Give v(-13).
-15
Let o(m) = -10*m + 12. Determine o(6).
-48
Let a(f) = 6*f - 56. Determine a(11).
10
Let n(q) = 2*q**3 - 18*q**2 - 44*q + 17. Give n(11).
17
Let a(f) = 17*f**2 + 8*f + 8. Determine a(-1).
17
Let b(d) = -15*d - 22. Determine b(2).
-52
Let w(a) = -a**3 - 7*a**2 - 3*a. Give w(-7).
21
Let s(k) = -k + 2. Calculate s(-2).
4
Let f(q) = 2*q**3 + 2*q**2 - 2*q - 1. Give f(-2).
-5
Let m(y) = -y**3 - 10*y**2 + 13*y + 11. What is m(-11)?
-11
Let l(x) = -x**2 - 20*x - 9. Give l(-9).
90
Let l(v) = 2*v**2 + 25*v - 56. Give l(2).
2
Let w(i) = i**2 + 8*i - 10. Give w(-7).
-17
Let r(p) = 7*p**2 - 34*p - 9. What is r(6)?
39
Let x(b) = b**2 - 6*b - 89. Give x(13).
2
Let f(y) = -8*y + 36. What is f(5)?
-4
Let f(u) = -3*u + 4. What is f(3)?
-5
Let w(l) = 7*l - 17. Give w(10).
53
Let d(n) = n + 17. Calculate d(-10).
7
Let y(f) = 3*f**2 + 124*f + 49. Give y(-41).
8
Let y(z) = 25*z + 4. Calculate y(2).
54
Let x(n) = -n**3 + 6*n**2 - 5*n + 3. What is x(5)?
3
Let w(s) = -6*s**2 - s. Give w(2).
-26
Let r(u) = u + 1. Calculate r(-11).
-10
Let g(z) = -7*z + 2. Determine g(3).
-19
Let d(p) = -74*p**3 - p**2 + 1. Give d(1).
-74
Let b(j) = j**3 + 70*j**2 + 12*j + 843. Calculate b(-70).
3
Let q(m) = -m**2 - 4*m + 10. What is q(-8)?
-22
Let h(x) = 2*x**3 - 5*x**2 + x + 4. Determine h(3).
16
Let t(w) = -3*w - 36. Give t(24).
-108
Let s(p) = -4*p + 3. Calculate s(3).
-9
Let t(v